{"id":541,"date":"2020-07-27T21:16:12","date_gmt":"2020-07-27T21:16:12","guid":{"rendered":"http:\/\/localhost:81\/wordpress\/?page_id=541"},"modified":"2024-06-04T23:00:43","modified_gmt":"2024-06-04T21:00:43","slug":"akademia","status":"publish","type":"page","link":"http:\/\/victoriazmudz.pl\/wordpress\/akademia\/","title":{"rendered":"Informacje"},"content":{"rendered":"\r\n<p><span class=\"text_exposed_show\">Galeria zdj\u0119\u0107 z trening\u00f3w i turniej\u00f3w: <span class=\"_5mfr\"><span class=\"_6qdm\"><a href=\"http:\/\/victoriazmudz.pl\/wordpress\/akademia\/akademia-galeria\/nggallery\/ap-victoria-zmudz\">LINK<\/a><br><\/span><\/span>Zapraszamy r\u00f3wnie\u017c do \u015bledzenia fanpage <a href=\"https:\/\/www.facebook.com\/APVictoriaZmudz\/\">Akademii Pi\u0142karskiej Victoria \u017bmud\u017a<\/a>!<br><br><\/span><strong>Pi\u0142ka no\u017cna dla najm\u0142odszych <span class=\"_5mfr\"><span class=\"_6qdm\">\u26bd<\/span><\/span><span class=\"_5mfr\"><span class=\"_6qdm\">\ud83e\uddd2<\/span><\/span><\/strong><\/p>\r\n<p>Zaj\u0119cia dla najm\u0142odszych grup dzieci\u0119cych to I etap szkolenia w AP Victorii \u017bmud\u017a.<\/p>\r\n<p>Tre\u015bci zaj\u0119\u0107 s\u0105 oparte o gry i zabawy og\u00f3lnorozwojowe ukierunkowane na pi\u0142k\u0119 no\u017cn\u0105<span class=\"_5mfr\"><span class=\"_6qdm\">\ud83d\udc4d<\/span><\/span>Treningi i mecze nie s\u0105 skoncentrowane na wyniku sportowym lecz na rozwoju naszym ma\u0142ych adept\u00f3w. Bawimy si\u0119 w pi\u0142k\u0119 no\u017cn\u0105 <span class=\"_5mfr\"><span class=\"_6qdm\">\ud83d\ude42<\/span><\/span>, rozwijamy koordynacj\u0119 i sprawno\u015b\u0107 ruchow\u0105, uczymy wsp\u00f3\u0142pracy w dru\u017cynie i spe\u0142niamy pi\u0142karskie marzenia o strzelany<span class=\"text_exposed_show\">ch golach <span class=\"_5mfr\"><span class=\"_6qdm\">\ud83e\udd29<\/span><\/span> <br>Zaj\u0119cia s\u0105 zabaw\u0105 i maj\u0105 przynosi\u0107 rado\u015b\u0107 i u\u015bmiech uczestnicz\u0105cym oraz \u201ezaszczepi\u0107\u201d pozytywny wzorzec dot. aktywnego sp\u0119dzania wolnego czas.<br>&nbsp;<br><\/span>Ca\u0142y czas trwaj\u0105 nabory do naszej Akademii we wszystkich kategoriach wiekowych <span class=\"html-span xexx8yu x4uap5 x18d9i69 xkhd6sd x1hl2dhg x16tdsg8 x1vvkbs x3nfvp2 x1j61x8r x1fcty0u xdj266r xat24cr xgzva0m xhhsvwb xxymvpz xlup9mm x1kky2od\"><img loading=\"lazy\" decoding=\"async\" class=\"xz74otr\" src=\"https:\/\/static.xx.fbcdn.net\/images\/emoji.php\/v9\/t7f\/1\/16\/1f60a.png\" alt=\"\ud83d\ude0a\" width=\"16\" height=\"16\"><\/span><\/p>\r\n<div class=\"x11i5rnm xat24cr x1mh8g0r x1vvkbs xtlvy1s x126k92a\">\r\n<div dir=\"auto\"><span class=\"html-span xexx8yu x4uap5 x18d9i69 xkhd6sd x1hl2dhg x16tdsg8 x1vvkbs x3nfvp2 x1j61x8r x1fcty0u xdj266r xat24cr xgzva0m xhhsvwb xxymvpz xlup9mm x1kky2od\"><img loading=\"lazy\" decoding=\"async\" class=\"xz74otr\" src=\"https:\/\/static.xx.fbcdn.net\/images\/emoji.php\/v9\/t91\/1\/16\/1f988.png\" alt=\"\ud83e\udd88\" width=\"16\" height=\"16\"><\/span> Skrzat<\/div>\r\n<div dir=\"auto\"><span class=\"html-span xexx8yu x4uap5 x18d9i69 xkhd6sd x1hl2dhg x16tdsg8 x1vvkbs x3nfvp2 x1j61x8r x1fcty0u xdj266r xat24cr xgzva0m xhhsvwb xxymvpz xlup9mm x1kky2od\"><img loading=\"lazy\" decoding=\"async\" class=\"xz74otr\" src=\"https:\/\/static.xx.fbcdn.net\/images\/emoji.php\/v9\/t5b\/1\/16\/1f43b.png\" alt=\"\ud83d\udc3b\" width=\"16\" height=\"16\"><\/span> \u017bak i Orlik<\/div>\r\n<div dir=\"auto\"><span class=\"html-span xexx8yu x4uap5 x18d9i69 xkhd6sd x1hl2dhg x16tdsg8 x1vvkbs x3nfvp2 x1j61x8r x1fcty0u xdj266r xat24cr xgzva0m xhhsvwb xxymvpz xlup9mm x1kky2od\"><img loading=\"lazy\" decoding=\"async\" class=\"xz74otr\" src=\"https:\/\/static.xx.fbcdn.net\/images\/emoji.php\/v9\/ta7\/1\/16\/1f9b8.png\" alt=\"\ud83e\uddb8\" width=\"16\" height=\"16\"><\/span> M\u0142odzik<\/div>\r\n<div dir=\"auto\"><span class=\"html-span xexx8yu x4uap5 x18d9i69 xkhd6sd x1hl2dhg x16tdsg8 x1vvkbs x3nfvp2 x1j61x8r x1fcty0u xdj266r xat24cr xgzva0m xhhsvwb xxymvpz xlup9mm x1kky2od\"><img loading=\"lazy\" decoding=\"async\" class=\"xz74otr\" src=\"https:\/\/static.xx.fbcdn.net\/images\/emoji.php\/v9\/t6c\/1\/16\/1f4aa.png\" alt=\"\ud83d\udcaa\" width=\"16\" height=\"16\"><\/span> Junior<br>&nbsp;<br><span class=\"text_exposed_show\">Zapraszamy do do\u0142\u0105czenia do <a class=\"profileLink\" href=\"https:\/\/www.facebook.com\/APVictoriaZmudz\/?fref=mentions&amp;__xts__%5B0%5D=68.ARAZS-a-ZOirq6tu-XdXKtMoTLRmBSD2m3bWp8A5pVRXWqE2yXavXbH4hIWEMDEZ9Uor0xL6hyHNAKWn2dSY8GnsCcCI_EEGjElQ-7tHNlUW0811kmCY-8Zz1xW4I7wvjZF29raO5_l0i32-TvALOPHqnB9BFnGRoAuYtKHA8WQy72RPtNGjOng01UbHzLDl6zBWyO8Y1Pp7qCpGfHua9Lv0pZ5tnF2uAujQlvYz5v6hgGau3Pg4wClDLaF0Ml9FZeGaHJ8qeCKR1ML7fsuFdYEp_WCVcF738uUfq3YzbIxYn4LJG0KBDBZJJlbBACti_YjJQ8JnsFS8BfyxzNArtXI&amp;__tn__=K-R\">Akademia pi\u0142karska Victoria \u017bmud\u017a<\/a> <span class=\"_5mfr\"><span class=\"_6qdm\">\u203c\ufe0f<\/span><\/span><span class=\"_5mfr\"><span class=\"_6qdm\">\u26bd\ufe0f<br>&nbsp;<br><\/span><\/span><\/span><span class=\"text_exposed_show\"><span class=\"_5mfr\"><span class=\"_6qdm\">\ud83d\udcde<\/span><\/span>Nie czekaj i zadzwo\u0144 <span class=\"_5mfr\"><span class=\"_6qdm\">\ud83d\udc68<\/span><\/span>trener Wojtek Sta\u0144czykowski: <a href=\"tel:\/\/511078782\">511-078-782<\/a><\/span><\/div>\r\n<\/div>\r\n<p>&nbsp;<\/p>\r\n<div class=\"text_exposed_show\">\r\n<div class=\"text_exposed_show\">\r\nngg_shortcode_0_placeholder\r\nngg_shortcode_1_placeholder\r\n<p><span class=\"_5mfr\"><span class=\"_6qdm\"><br>&nbsp; <br><\/span><\/span><\/p>\r\n<\/div>\r\n<\/div>\r\n\r\n\r\n<div\n\t\t\t\n\t\t\tclass=\"so-widget-sow-google-map so-widget-sow-google-map-default-5006d6f6236c\"\n\t\t\t\n\t\t>\n<div class=\"sow-google-map-canvas\"\n\tstyle=\"\"\n\tid=\"map-canvas-9db92c6db71a3775c9e6c388c696c462\"\n\tdata-options=\"{&quot;address&quot;:&quot;51.0182548, 23.6680234&quot;,&quot;zoom&quot;:15,&quot;mobileZoom&quot;:15,&quot;gestureHandling&quot;:&quot;greedy&quot;,&quot;disableUi&quot;:false,&quot;markerIcon&quot;:false,&quot;markersDraggable&quot;:false,&quot;markerAtCenter&quot;:true,&quot;markerInfoDisplay&quot;:&quot;click&quot;,&quot;markerInfoMultiple&quot;:true,&quot;markerPositions&quot;:false,&quot;mapName&quot;:false,&quot;mapStyles&quot;:false,&quot;directions&quot;:&quot;&quot;,&quot;apiKey&quot;:&quot;AIzaSyCc8T_Fclo_kQgsWj-NyEtF-DkX5SZ1sIM&quot;,&quot;breakpoint&quot;:780,&quot;id&quot;:&quot;69e4d8&quot;}\"\n\tdata-fallback-image=\"{&quot;img&quot;:&quot;&quot;}\"><\/div>\n<\/div>","protected":false},"excerpt":{"rendered":"<p>Galeria zdj\u0119\u0107 z trening\u00f3w i turniej\u00f3w: LINKZapraszamy r\u00f3wnie\u017c do \u015bledzenia fanpage Akademii Pi\u0142karskiej Victoria \u017bmud\u017a! Pi\u0142ka no\u017cna dla najm\u0142odszych \u26bd\ud83e\uddd2 Zaj\u0119cia dla najm\u0142odszych grup dzieci\u0119cych to I etap szkolenia w AP Victorii \u017bmud\u017a. Tre\u015bci zaj\u0119\u0107 s\u0105 oparte o gry i zabawy og\u00f3lnorozwojowe ukierunkowane na pi\u0142k\u0119 no\u017cn\u0105\ud83d\udc4dTreningi i mecze nie s\u0105 skoncentrowane na wyniku sportowym lecz&#8230;<\/p>\n","protected":false},"author":1,"featured_media":0,"parent":0,"menu_order":0,"comment_status":"closed","ping_status":"closed","template":"","meta":{"ngg_post_thumbnail":0,"footnotes":""},"class_list":["post-541","page","type-page","status-publish","hentry"],"yoast_head":"<!-- This site is optimized with the Yoast SEO plugin v27.3 - https:\/\/yoast.com\/product\/yoast-seo-wordpress\/ -->\n<title>Informacje - Victoria \u017bmud\u017a<\/title>\n<meta name=\"robots\" content=\"index, follow, max-snippet:-1, max-image-preview:large, max-video-preview:-1\" \/>\n<link rel=\"canonical\" href=\"http:\/\/victoriazmudz.pl\/wordpress\/akademia\/\" \/>\n<meta property=\"og:locale\" content=\"pl_PL\" \/>\n<meta property=\"og:type\" content=\"article\" \/>\n<meta property=\"og:title\" content=\"Informacje - Victoria \u017bmud\u017a\" \/>\n<meta property=\"og:description\" content=\"Galeria zdj\u0119\u0107 z trening\u00f3w i turniej\u00f3w: LINKZapraszamy r\u00f3wnie\u017c do \u015bledzenia fanpage Akademii Pi\u0142karskiej Victoria \u017bmud\u017a! Pi\u0142ka no\u017cna dla najm\u0142odszych \u26bd\ud83e\uddd2 Zaj\u0119cia dla najm\u0142odszych grup dzieci\u0119cych to I etap szkolenia w AP Victorii \u017bmud\u017a. Tre\u015bci zaj\u0119\u0107 s\u0105 oparte o gry i zabawy og\u00f3lnorozwojowe ukierunkowane na pi\u0142k\u0119 no\u017cn\u0105\ud83d\udc4dTreningi i mecze nie s\u0105 skoncentrowane na wyniku sportowym lecz...\" \/>\n<meta property=\"og:url\" content=\"http:\/\/victoriazmudz.pl\/wordpress\/akademia\/\" \/>\n<meta property=\"og:site_name\" content=\"Victoria \u017bmud\u017a\" \/>\n<meta property=\"article:publisher\" content=\"https:\/\/pl-pl.facebook.com\/pages\/category\/Amateur-Sports-Team\/Ks-Victoria-%c5%bbmud%c5%ba-464132730352427\/\" \/>\n<meta property=\"article:modified_time\" content=\"2024-06-04T21:00:43+00:00\" \/>\n<meta property=\"og:image\" content=\"https:\/\/static.xx.fbcdn.net\/images\/emoji.php\/v9\/t7f\/1\/16\/1f60a.png\" \/>\n<meta name=\"twitter:card\" content=\"summary_large_image\" \/>\n<meta name=\"twitter:site\" content=\"@VictoriaZmudz\" \/>\n<meta name=\"twitter:label1\" content=\"Szacowany czas czytania\" \/>\n\t<meta name=\"twitter:data1\" content=\"2 minuty\" \/>\n<script type=\"application\/ld+json\" class=\"yoast-schema-graph\">{\"@context\":\"https:\\\/\\\/schema.org\",\"@graph\":[{\"@type\":\"WebPage\",\"@id\":\"http:\\\/\\\/victoriazmudz.pl\\\/wordpress\\\/akademia\\\/\",\"url\":\"http:\\\/\\\/victoriazmudz.pl\\\/wordpress\\\/akademia\\\/\",\"name\":\"Informacje - Victoria \u017bmud\u017a\",\"isPartOf\":{\"@id\":\"http:\\\/\\\/victoriazmudz.pl\\\/wordpress\\\/#website\"},\"primaryImageOfPage\":{\"@id\":\"http:\\\/\\\/victoriazmudz.pl\\\/wordpress\\\/akademia\\\/#primaryimage\"},\"image\":{\"@id\":\"http:\\\/\\\/victoriazmudz.pl\\\/wordpress\\\/akademia\\\/#primaryimage\"},\"thumbnailUrl\":\"https:\\\/\\\/static.xx.fbcdn.net\\\/images\\\/emoji.php\\\/v9\\\/t7f\\\/1\\\/16\\\/1f60a.png\",\"datePublished\":\"2020-07-27T21:16:12+00:00\",\"dateModified\":\"2024-06-04T21:00:43+00:00\",\"breadcrumb\":{\"@id\":\"http:\\\/\\\/victoriazmudz.pl\\\/wordpress\\\/akademia\\\/#breadcrumb\"},\"inLanguage\":\"pl-PL\",\"potentialAction\":[{\"@type\":\"ReadAction\",\"target\":[\"http:\\\/\\\/victoriazmudz.pl\\\/wordpress\\\/akademia\\\/\"]}]},{\"@type\":\"ImageObject\",\"inLanguage\":\"pl-PL\",\"@id\":\"http:\\\/\\\/victoriazmudz.pl\\\/wordpress\\\/akademia\\\/#primaryimage\",\"url\":\"https:\\\/\\\/static.xx.fbcdn.net\\\/images\\\/emoji.php\\\/v9\\\/t7f\\\/1\\\/16\\\/1f60a.png\",\"contentUrl\":\"https:\\\/\\\/static.xx.fbcdn.net\\\/images\\\/emoji.php\\\/v9\\\/t7f\\\/1\\\/16\\\/1f60a.png\"},{\"@type\":\"BreadcrumbList\",\"@id\":\"http:\\\/\\\/victoriazmudz.pl\\\/wordpress\\\/akademia\\\/#breadcrumb\",\"itemListElement\":[{\"@type\":\"ListItem\",\"position\":1,\"name\":\"Strona g\u0142\u00f3wna\",\"item\":\"http:\\\/\\\/victoriazmudz.pl\\\/wordpress\\\/\"},{\"@type\":\"ListItem\",\"position\":2,\"name\":\"Informacje\"}]},{\"@type\":\"WebSite\",\"@id\":\"http:\\\/\\\/victoriazmudz.pl\\\/wordpress\\\/#website\",\"url\":\"http:\\\/\\\/victoriazmudz.pl\\\/wordpress\\\/\",\"name\":\"Victoria \u017bmud\u017a\",\"description\":\"Strona klubowa Victorii \u017bmud\u017a\",\"publisher\":{\"@id\":\"http:\\\/\\\/victoriazmudz.pl\\\/wordpress\\\/#organization\"},\"potentialAction\":[{\"@type\":\"SearchAction\",\"target\":{\"@type\":\"EntryPoint\",\"urlTemplate\":\"http:\\\/\\\/victoriazmudz.pl\\\/wordpress\\\/?s={search_term_string}\"},\"query-input\":{\"@type\":\"PropertyValueSpecification\",\"valueRequired\":true,\"valueName\":\"search_term_string\"}}],\"inLanguage\":\"pl-PL\"},{\"@type\":\"Organization\",\"@id\":\"http:\\\/\\\/victoriazmudz.pl\\\/wordpress\\\/#organization\",\"name\":\"Victoria \u017bmud\u017a\",\"url\":\"http:\\\/\\\/victoriazmudz.pl\\\/wordpress\\\/\",\"logo\":{\"@type\":\"ImageObject\",\"inLanguage\":\"pl-PL\",\"@id\":\"http:\\\/\\\/victoriazmudz.pl\\\/wordpress\\\/#\\\/schema\\\/logo\\\/image\\\/\",\"url\":\"http:\\\/\\\/victoriazmudz.pl\\\/wordpress\\\/wp-content\\\/uploads\\\/2020\\\/07\\\/logo_mini.png\",\"contentUrl\":\"http:\\\/\\\/victoriazmudz.pl\\\/wordpress\\\/wp-content\\\/uploads\\\/2020\\\/07\\\/logo_mini.png\",\"width\":139,\"height\":181,\"caption\":\"Victoria \u017bmud\u017a\"},\"image\":{\"@id\":\"http:\\\/\\\/victoriazmudz.pl\\\/wordpress\\\/#\\\/schema\\\/logo\\\/image\\\/\"},\"sameAs\":[\"https:\\\/\\\/pl-pl.facebook.com\\\/pages\\\/category\\\/Amateur-Sports-Team\\\/Ks-Victoria-\u017bmud\u017a-464132730352427\\\/\",\"https:\\\/\\\/x.com\\\/VictoriaZmudz\"]}]}<\/script>\n<!-- \/ Yoast SEO plugin. -->","yoast_head_json":{"title":"Informacje - Victoria \u017bmud\u017a","robots":{"index":"index","follow":"follow","max-snippet":"max-snippet:-1","max-image-preview":"max-image-preview:large","max-video-preview":"max-video-preview:-1"},"canonical":"http:\/\/victoriazmudz.pl\/wordpress\/akademia\/","og_locale":"pl_PL","og_type":"article","og_title":"Informacje - Victoria \u017bmud\u017a","og_description":"Galeria zdj\u0119\u0107 z trening\u00f3w i turniej\u00f3w: LINKZapraszamy r\u00f3wnie\u017c do \u015bledzenia fanpage Akademii Pi\u0142karskiej Victoria \u017bmud\u017a! Pi\u0142ka no\u017cna dla najm\u0142odszych \u26bd\ud83e\uddd2 Zaj\u0119cia dla najm\u0142odszych grup dzieci\u0119cych to I etap szkolenia w AP Victorii \u017bmud\u017a. Tre\u015bci zaj\u0119\u0107 s\u0105 oparte o gry i zabawy og\u00f3lnorozwojowe ukierunkowane na pi\u0142k\u0119 no\u017cn\u0105\ud83d\udc4dTreningi i mecze nie s\u0105 skoncentrowane na wyniku sportowym lecz...","og_url":"http:\/\/victoriazmudz.pl\/wordpress\/akademia\/","og_site_name":"Victoria \u017bmud\u017a","article_publisher":"https:\/\/pl-pl.facebook.com\/pages\/category\/Amateur-Sports-Team\/Ks-Victoria-%c5%bbmud%c5%ba-464132730352427\/","article_modified_time":"2024-06-04T21:00:43+00:00","og_image":[{"url":"https:\/\/static.xx.fbcdn.net\/images\/emoji.php\/v9\/t7f\/1\/16\/1f60a.png","type":"","width":"","height":""}],"twitter_card":"summary_large_image","twitter_site":"@VictoriaZmudz","twitter_misc":{"Szacowany czas czytania":"2 minuty"},"schema":{"@context":"https:\/\/schema.org","@graph":[{"@type":"WebPage","@id":"http:\/\/victoriazmudz.pl\/wordpress\/akademia\/","url":"http:\/\/victoriazmudz.pl\/wordpress\/akademia\/","name":"Informacje - Victoria \u017bmud\u017a","isPartOf":{"@id":"http:\/\/victoriazmudz.pl\/wordpress\/#website"},"primaryImageOfPage":{"@id":"http:\/\/victoriazmudz.pl\/wordpress\/akademia\/#primaryimage"},"image":{"@id":"http:\/\/victoriazmudz.pl\/wordpress\/akademia\/#primaryimage"},"thumbnailUrl":"https:\/\/static.xx.fbcdn.net\/images\/emoji.php\/v9\/t7f\/1\/16\/1f60a.png","datePublished":"2020-07-27T21:16:12+00:00","dateModified":"2024-06-04T21:00:43+00:00","breadcrumb":{"@id":"http:\/\/victoriazmudz.pl\/wordpress\/akademia\/#breadcrumb"},"inLanguage":"pl-PL","potentialAction":[{"@type":"ReadAction","target":["http:\/\/victoriazmudz.pl\/wordpress\/akademia\/"]}]},{"@type":"ImageObject","inLanguage":"pl-PL","@id":"http:\/\/victoriazmudz.pl\/wordpress\/akademia\/#primaryimage","url":"https:\/\/static.xx.fbcdn.net\/images\/emoji.php\/v9\/t7f\/1\/16\/1f60a.png","contentUrl":"https:\/\/static.xx.fbcdn.net\/images\/emoji.php\/v9\/t7f\/1\/16\/1f60a.png"},{"@type":"BreadcrumbList","@id":"http:\/\/victoriazmudz.pl\/wordpress\/akademia\/#breadcrumb","itemListElement":[{"@type":"ListItem","position":1,"name":"Strona g\u0142\u00f3wna","item":"http:\/\/victoriazmudz.pl\/wordpress\/"},{"@type":"ListItem","position":2,"name":"Informacje"}]},{"@type":"WebSite","@id":"http:\/\/victoriazmudz.pl\/wordpress\/#website","url":"http:\/\/victoriazmudz.pl\/wordpress\/","name":"Victoria \u017bmud\u017a","description":"Strona klubowa Victorii \u017bmud\u017a","publisher":{"@id":"http:\/\/victoriazmudz.pl\/wordpress\/#organization"},"potentialAction":[{"@type":"SearchAction","target":{"@type":"EntryPoint","urlTemplate":"http:\/\/victoriazmudz.pl\/wordpress\/?s={search_term_string}"},"query-input":{"@type":"PropertyValueSpecification","valueRequired":true,"valueName":"search_term_string"}}],"inLanguage":"pl-PL"},{"@type":"Organization","@id":"http:\/\/victoriazmudz.pl\/wordpress\/#organization","name":"Victoria \u017bmud\u017a","url":"http:\/\/victoriazmudz.pl\/wordpress\/","logo":{"@type":"ImageObject","inLanguage":"pl-PL","@id":"http:\/\/victoriazmudz.pl\/wordpress\/#\/schema\/logo\/image\/","url":"http:\/\/victoriazmudz.pl\/wordpress\/wp-content\/uploads\/2020\/07\/logo_mini.png","contentUrl":"http:\/\/victoriazmudz.pl\/wordpress\/wp-content\/uploads\/2020\/07\/logo_mini.png","width":139,"height":181,"caption":"Victoria \u017bmud\u017a"},"image":{"@id":"http:\/\/victoriazmudz.pl\/wordpress\/#\/schema\/logo\/image\/"},"sameAs":["https:\/\/pl-pl.facebook.com\/pages\/category\/Amateur-Sports-Team\/Ks-Victoria-\u017bmud\u017a-464132730352427\/","https:\/\/x.com\/VictoriaZmudz"]}]}},"jetpack_sharing_enabled":true,"_links":{"self":[{"href":"http:\/\/victoriazmudz.pl\/wordpress\/wp-json\/wp\/v2\/pages\/541","targetHints":{"allow":["GET"]}}],"collection":[{"href":"http:\/\/victoriazmudz.pl\/wordpress\/wp-json\/wp\/v2\/pages"}],"about":[{"href":"http:\/\/victoriazmudz.pl\/wordpress\/wp-json\/wp\/v2\/types\/page"}],"author":[{"embeddable":true,"href":"http:\/\/victoriazmudz.pl\/wordpress\/wp-json\/wp\/v2\/users\/1"}],"replies":[{"embeddable":true,"href":"http:\/\/victoriazmudz.pl\/wordpress\/wp-json\/wp\/v2\/comments?post=541"}],"version-history":[{"count":52,"href":"http:\/\/victoriazmudz.pl\/wordpress\/wp-json\/wp\/v2\/pages\/541\/revisions"}],"predecessor-version":[{"id":10070,"href":"http:\/\/victoriazmudz.pl\/wordpress\/wp-json\/wp\/v2\/pages\/541\/revisions\/10070"}],"wp:attachment":[{"href":"http:\/\/victoriazmudz.pl\/wordpress\/wp-json\/wp\/v2\/media?parent=541"}],"curies":[{"name":"wp","href":"https:\/\/api.w.org\/{rel}","templated":true}]}}